-- phpMyAdmin SQL Dump
-- version 4.6.6deb5ubuntu0.5
-- https://www.phpmyadmin.net/
--
-- Хост: localhost:3306
-- Время создания: Фев 09 2021 г., 18:18
-- Версия сервера: 5.7.33-0ubuntu0.18.04.1-log
-- Версия PHP: 7.2.34-9+ubuntu18.04.1+deb.sury.org+1

SET SQL_MODE = "NO_AUTO_VALUE_ON_ZERO";
SET time_zone = "+00:00";


/*!40101 SET @OLD_CHARACTER_SET_CLIENT=@@CHARACTER_SET_CLIENT */;
/*!40101 SET @OLD_CHARACTER_SET_RESULTS=@@CHARACTER_SET_RESULTS */;
/*!40101 SET @OLD_COLLATION_CONNECTION=@@COLLATION_CONNECTION */;
/*!40101 SET NAMES utf8mb4 */;

--
-- База данных: `admin_tlgm_main`
--

-- --------------------------------------------------------

--
-- Структура таблицы `bor_catalog_product`
--

CREATE TABLE `bor_catalog_product` (
  `id` int(11) NOT NULL,
  `id_category` int(11) NOT NULL,
  `name` json NOT NULL,
  `description` json DEFAULT NULL,
  `emodzi` varchar(8) DEFAULT NULL,
  `price` int(11) NOT NULL DEFAULT '0',
  `discont` int(11) NOT NULL DEFAULT '0',
  `new` int(11) NOT NULL DEFAULT '0',
  `mounth` int(11) NOT NULL DEFAULT '0',
  `digital` int(11) NOT NULL DEFAULT '0',
  `digital_url` varchar(512) DEFAULT NULL,
  `status` int(11) NOT NULL DEFAULT '1'
) ENGINE=InnoDB DEFAULT CHARSET=utf8mb4;

--
-- Дамп данных таблицы `bor_catalog_product`
--

INSERT INTO `bor_catalog_product` (`id`, `id_category`, `name`, `description`, `emodzi`, `price`, `discont`, `new`, `mounth`, `digital`, `digital_url`, `status`) VALUES
(1, 1, '{\"en\": \"Setting up for 2021\", \"ru\": \"Настройка на 2021\"}', '{\"en\": \"Description\", \"ru\": \"Описание<br>\"}', NULL, 100, 0, 0, 0, 1, '{\"en\": \"2021_tuning.mp3\", \"ru\": \"2021_tuning.mp3\"}', 1),
(2, 2, '{\"en\": \"Setting up for January\", \"ru\": \"Настройка на январь\"}', '{\"en\": \"Description\", \"ru\": \"Описание\"}', NULL, 100, 0, 0, 1, 1, '{\"en\": \"2020_december.mp3\", \"ru\": \"2020_december.mp3\"}', 1),
(3, 3, '{\"en\": \"Breath\", \"ru\": \"Дыхание\"}', '{\"en\": \"Description Breath\", \"ru\": \"Описание Дыхание\"}', NULL, 0, 0, 0, 0, 1, '{\"en\": \"1_bn_dihanie.mp3\", \"ru\": \"1_bn_dihanie.mp3\"}', 1),
(4, 3, '{\"en\": \"Movement\", \"ru\": \"Движение\"}', '{\"en\": \"Description Movement\", \"ru\": \"Описание Движение\"}', NULL, 500, 0, 0, 0, 1, '{\"en\": \"2_bn_dvizhenie.mp3\", \"ru\": \"2_bn_dvizhenie.mp3\"}', 1),
(5, 3, '{\"en\": \"Game\", \"ru\": \"Игра\"}', '{\"en\": \"Description Game\", \"ru\": \"Описание Игра\"}', NULL, 500, 0, 0, 0, 1, '{\"en\": \"3_bn_igra.mp3\", \"ru\": \"3_bn_igra.mp3\"}', 1),
(6, 3, '{\"en\": \"on_ona\", \"ru\": \"Он и Она\"}', '{\"en\": \"Description on_ona\", \"ru\": \"Описание on_ona\"}', NULL, 500, 0, 1, 0, 1, '{\"en\": \"4_bn_on_ona.mp3\", \"ru\": \"4_bn_on_ona.mp3\"}', 1),
(7, 3, '{\"en\": \"ditya\", \"ru\": \"Дитя\"}', '{\"en\": \"Description ditya\", \"ru\": \"Описание ditya\"}', NULL, 500, 0, 1, 0, 1, '{\"en\": \"5_bn_ditya.mp3\", \"ru\": \"5_bn_ditya.mp3\"}', 1),
(8, 3, '{\"en\": \"Unity\", \"ru\": \"Единство\"}', '{\"en\": \"Description Unity\", \"ru\": \"Описание Единство\"}', NULL, 500, 0, 1, 0, 1, '{\"en\": \"6_bn_edinstvo.mp3\", \"ru\": \"6_bn_edinstvo.mp3\"}', 1);

-- --------------------------------------------------------

--
-- Структура таблицы `bot_catalog_category`
--

CREATE TABLE `bot_catalog_category` (
  `id` int(11) NOT NULL,
  `id_parent` int(11) NOT NULL DEFAULT '0',
  `name` json NOT NULL,
  `description` json NOT NULL,
  `discount` int(11) NOT NULL DEFAULT '0',
  `emodzi` varchar(20) DEFAULT NULL,
  `status` int(11) NOT NULL DEFAULT '1'
) ENGINE=InnoDB DEFAULT CHARSET=utf8mb4;

--
-- Дамп данных таблицы `bot_catalog_category`
--

INSERT INTO `bot_catalog_category` (`id`, `id_parent`, `name`, `description`, `discount`, `emodzi`, `status`) VALUES
(1, 0, '{\"en\": \"Настройка на год\", \"ru\": \"Настройка на год\"}', '{\"en\": \"Description Настройка на год\", \"ru\": \"Описание Настройка на год\"}', 0, '✅', 1),
(2, 0, '{\"en\": \"Настройка на месяц\", \"ru\": \"Настройка на месяц\"}', '{\"en\": \"Description Настройка на месяц\", \"ru\": \"Описание Настройка на месяц\"}', 0, '✅', 1),
(3, 0, '{\"en\": \"Basic settings\", \"ru\": \"Базовые настройки\"}', '{\"en\": \"Description Basic settings\", \"ru\": \"Описание Базовых настроек\"}', 20, '✅', 1),
(4, 0, '{\"en\": \"Family\", \"ru\": \"Семья\"}', '{\"en\": \"Description Family\", \"ru\": \"Описание Семья\"}', 0, '✅', 1),
(5, 0, '{\"en\": \"Home\", \"ru\": \"Дом\"}', '{\"en\": \"Description Home\", \"ru\": \"Описание Дом\"}', 0, '✅', 1),
(6, 5, '{\"en\": \"Category1Test\", \"ru\": \"Тест1\"}', '{\"en\": \"Description Category1Test\", \"ru\": \"Описание Категория1Тест\"}', 0, '🙈', 1),
(7, 5, '{\"en\": \"Category2\", \"ru\": \"Категория2\"}', '{\"en\": \"Description Category2\", \"ru\": \"Описание Категория2\"}', 0, '✅', 1),
(11, 0, '{\"en\": \"BUSINESS\", \"ru\": \"БИЗНЕС\"}', '{\"en\": \"business tunings\", \"ru\": \"настройка на бизнес\"}', 0, '♣️', 1);

-- --------------------------------------------------------

--
-- Структура таблицы `bot_keyboard`
--

CREATE TABLE `bot_keyboard` (
  `id` int(11) NOT NULL,
  `name_keyboard` varchar(64) NOT NULL,
  `name_button` varchar(64) DEFAULT NULL,
  `button` json NOT NULL,
  `type` varchar(128) NOT NULL,
  `value` varchar(256) DEFAULT NULL,
  `place_h` int(11) NOT NULL,
  `place_v` int(11) NOT NULL,
  `status` int(11) NOT NULL DEFAULT '1',
  `user_group` varchar(128) NOT NULL DEFAULT 'all'
) ENGINE=InnoDB DEFAULT CHARSET=utf8mb4;

--
-- Дамп данных таблицы `bot_keyboard`
--

INSERT INTO `bot_keyboard` (`id`, `name_keyboard`, `name_button`, `button`, `type`, `value`, `place_h`, `place_v`, `status`, `user_group`) VALUES
(1, 'change_lang', NULL, '{\"all\": \"🇷🇺 Русский\"}', 'callback_data', 'lang_ru', 0, 0, 1, 'all'),
(2, 'change_lang', NULL, '{\"all\": \"🇺🇸 English\"}', 'callback_data', 'lang_en', 0, 1, 1, 'all'),
(3, 'next', 'next', '{\"en\": \"NEXT ➡️\", \"ru\": \"NEXT ➡️\"}', 'reply', NULL, 0, 0, 1, 'all'),
(4, 'get_first_setting', 'get_first_setting', '{\"en\": \"Get first setting ➡️\", \"ru\": \"Получить первую настройку ➡️\"}', 'reply', NULL, 0, 0, 1, 'all'),
(5, 'main_menu', 'all_settings', '{\"en\": \"✅ EN Все настройки\", \"ru\": \"✅ Все настройки\"}', 'reply', NULL, 0, 0, 1, 'all'),
(6, 'main_menu', 'my_settings', '{\"en\": \"✅ EN Мои настройки\", \"ru\": \"✅ Мои настройки\"}', 'reply', NULL, 0, 1, 1, 'all'),
(7, 'main_menu', 'new_settings', '{\"en\": \"✅ EN Новинки\", \"ru\": \"✅ Новинки\"}', 'reply', NULL, 1, 0, 1, 'all'),
(8, 'main_menu', 'setting_month', '{\"en\": \"✅ EN Настройка на месяц\", \"ru\": \"✅ Настройка на месяц\"}', 'reply', NULL, 2, 0, 1, 'all'),
(9, 'main_menu', 'method_description', '{\"en\": \"✅ EN Описание метода\", \"ru\": \"✅ Описание метода\"}', 'reply', NULL, 1, 1, 1, 'all'),
(10, 'get_phone', 'request_contact', '{\"en\": \"☎️ EN Разрешить доступ к номеру телефона\", \"ru\": \"☎️ Разрешить доступ к номеру телефона\"}', 'reply', NULL, 0, 0, 1, 'all'),
(11, 'listen_setting', NULL, '{\"en\": \"Listen\", \"ru\": \"Послушать\"}', 'url', 'pleer.php', 0, 0, 1, 'all'),
(12, 'listen_setting', NULL, '{\"en\": \"🔙 Back\", \"ru\": \"🔙 Назад\"}', 'callback_data', 'back', 1, 0, 1, 'all'),
(13, 'shop', NULL, '{\"en\": \"Buy\", \"ru\": \"Купить\"}', 'url', 'pay.php', 0, 0, 1, 'all'),
(14, 'shop', NULL, '{\"en\": \"🔙 Back\", \"ru\": \"🔙 Назад\"}', 'callback_data', 'back', 1, 0, 1, 'all'),
(15, 'addmysettings', NULL, '{\"en\": \"Add my settings\", \"ru\": \"Добавить в мои настройки\"}', 'callback_data', 'addmysettings', 0, 0, 1, 'all'),
(16, 'addmysettings', NULL, '{\"en\": \"🔙 Back\", \"ru\": \"🔙 Назад\"}', 'callback_data', 'back', 1, 0, 1, 'all');

-- --------------------------------------------------------

--
-- Структура таблицы `bot_link`
--

CREATE TABLE `bot_link` (
  `id` int(11) NOT NULL,
  `link` varchar(256) NOT NULL,
  `id_product` int(11) NOT NULL,
  `chat_id` int(20) NOT NULL,
  `date_create` int(11) NOT NULL,
  `date_end` int(11) NOT NULL,
  `date_end_access` int(11) DEFAULT NULL,
  `download` int(11) NOT NULL DEFAULT '0',
  `status` int(11) NOT NULL DEFAULT '0'
) ENGINE=InnoDB DEFAULT CHARSET=utf8mb4;

--
-- Дамп данных таблицы `bot_link`
--

INSERT INTO `bot_link` (`id`, `link`, `id_product`, `chat_id`, `date_create`, `date_end`, `date_end_access`, `download`, `status`) VALUES
(2, 'bce03d9c10d96eb15977007291509c7e', 3, 362966653, 1610418760, 1610677960, NULL, 0, 1);

-- --------------------------------------------------------

--
-- Структура таблицы `bot_map`
--

CREATE TABLE `bot_map` (
  `id` int(11) NOT NULL,
  `id_language` int(11) NOT NULL,
  `user_group` int(11) NOT NULL DEFAULT '0',
  `mtext` varchar(255) DEFAULT NULL,
  `keyboard_type` varchar(32) DEFAULT NULL,
  `keyboard_name` varchar(128) DEFAULT NULL,
  `bot_session` varchar(255) DEFAULT NULL,
  `error_functions` text,
  `before_msg` text,
  `after_msg` text,
  `session_out` text
) ENGINE=InnoDB DEFAULT CHARSET=utf8mb4;

--
-- Дамп данных таблицы `bot_map`
--

INSERT INTO `bot_map` (`id`, `id_language`, `user_group`, `mtext`, `keyboard_type`, `keyboard_name`, `bot_session`, `error_functions`, `before_msg`, `after_msg`, `session_out`) VALUES
(1, 1, 0, '{\"training_1\":\"training_2\"}', 'reply', 'training_1', 'training_1', NULL, NULL, NULL, NULL),
(2, 1, 0, '{\"training_2\":\"training_3\"}', 'reply', 'training_1', 'training_2', NULL, NULL, NULL, NULL),
(18, 1, 0, '{\"training_3\":\"training_4\"}', NULL, NULL, 'training_3', NULL, NULL, NULL, NULL);

-- --------------------------------------------------------

--
-- Структура таблицы `bot_news`
--

CREATE TABLE `bot_news` (
  `id` int(11) NOT NULL,
  `timestamp` int(11) NOT NULL,
  `text` mediumtext,
  `file_id` text,
  `url` text,
  `method` varchar(128) NOT NULL
) ENGINE=InnoDB DEFAULT CHARSET=utf8mb4;

--
-- Дамп данных таблицы `bot_news`
--

INSERT INTO `bot_news` (`id`, `timestamp`, `text`, `file_id`, `url`, `method`) VALUES
(1, 1612569600, 'Фото новости', NULL, 'bizonamo.png', 'sendPhoto'),
(2, 1612563104, 'Это видео новость', NULL, 'fenix.mp4', 'sendVideo'),
(3, 1612563104, 'Это текстовая новость', NULL, NULL, 'sendMessage');

-- --------------------------------------------------------

--
-- Структура таблицы `bot_product_up_price`
--

CREATE TABLE `bot_product_up_price` (
  `id` int(11) NOT NULL,
  `id_product` int(11) NOT NULL,
  `price_begin` int(11) NOT NULL,
  `price_end` int(11) NOT NULL,
  `date_begin` int(11) NOT NULL,
  `date_end` int(11) NOT NULL
) ENGINE=InnoDB DEFAULT CHARSET=utf8mb4;

-- --------------------------------------------------------

--
-- Структура таблицы `bot_product_up_setting`
--

CREATE TABLE `bot_product_up_setting` (
  `id` int(11) NOT NULL,
  `date_begin` int(11) NOT NULL,
  `date_end` int(11) NOT NULL,
  `amount` int(11) NOT NULL,
  `status` int(11) NOT NULL DEFAULT '1'
) ENGINE=InnoDB DEFAULT CHARSET=utf8mb4;

-- --------------------------------------------------------

--
-- Структура таблицы `bot_session`
--

CREATE TABLE `bot_session` (
  `chat_id` int(20) NOT NULL,
  `session` json NOT NULL
) ENGINE=InnoDB DEFAULT CHARSET=utf8mb4;

-- --------------------------------------------------------

--
-- Структура таблицы `bot_settings`
--

CREATE TABLE `bot_settings` (
  `name` varchar(100) NOT NULL,
  `value` json NOT NULL,
  `comment` varchar(255) NOT NULL
) ENGINE=InnoDB DEFAULT CHARSET=utf8mb4;

--
-- Дамп данных таблицы `bot_settings`
--

INSERT INTO `bot_settings` (`name`, `value`, `comment`) VALUES
('LimitOut', '{\"products\": 2, \"categories\": 2}', 'Лимит вывода кнопок на 1 страницу'),
('linkFile', '{\"BuyUrl\": \"/pay.php?id=\", \"ListenUrl\": \"/pleer.php?chat_id=\"}', 'Ссылка на плеер для прослушивания файлов'),
('ListenTestProduct', '{\"id\": 3}', 'ID продукта для тестовой прослушки при старте'),
('RestrictingAccessLinks', '{\"testproduct\": 3}', 'Время доступа к ссылкам в днях');

-- --------------------------------------------------------

--
-- Структура таблицы `bot_settings_main`
--

CREATE TABLE `bot_settings_main` (
  `name` varchar(100) NOT NULL,
  `value` json NOT NULL,
  `comment` varchar(255) NOT NULL
) ENGINE=InnoDB DEFAULT CHARSET=utf8mb4;

--
-- Дамп данных таблицы `bot_settings_main`
--

INSERT INTO `bot_settings_main` (`name`, `value`, `comment`) VALUES
('Api', '{\"token\": \"BvOFqe4DvT\", \"status\": 1}', 'Доступ к API'),
('BotSettings', '{\"url\": \"https://xynobo.ru/bots/tlgm\", \"token\": \"1563622936:AAGTL2wf9xUiB03SqIH87AQK-GwhNsQSfpk\", \"status\": 1, \"botname\": \"@XynoboTestBot\", \"timezone\": \"Europe/Moscow\", \"main_file\": \"tlgm_bot.php\"}', 'Настройки бота (имя, токен, вебхук и тд)'),
('ChatIdNotify', '{\"chat_id_msg_error\": 362966653}', 'ID чатов телеграмм для уведомления об ошибках и тд'),
('LanguageList', '{\"en\": {\"name\": \"English\", \"flag \": \"🇻🇬\", \"status\": 0}, \"ru\": {\"name\": \"Русский\", \"flag \": \"🇷🇺\", \"status\": 1}}', 'Список языков в системе'),
('LanguageSettings', '{\"LanguageStatus\": 1, \"LanguageDefault\": \"ru\"}', 'Настройки мультиязычности'),
('StorageLocations', '{\"audio\": {\"dir\": \"/audio/\", \"dir_admins\": \"/../audio/\", \"performer_audio\": \"botname\"}, \"files\": {\"dir\": \"/files/\", \"dir_admins\": \"/../files/\"}, \"video\": {\"dir\": \"/video/\", \"dir_admins\": \"/../video/\"}, \"images\": {\"dir\": \"/images/\", \"dir_admins\": \"/../images/\"}}', 'Место хранения различных файлов, папки и url к ним'),
('TechnicalBreak', '{\"status\": 0}', 'Технический перерыв бота'),
('TimeSleepBetweenMsg', '{\"sleep\": 0}', 'Перерыв между сообщениями одной группы, в секундах'),
('UserFields', '{\"name\": \"Имя пользователя, вопрос\", \"email\": \"Email\", \"phone\": \"Телефон пользователя\", \"payment\": \"Сколько всего оплачено\", \"language\": \"Язык пользователя\", \"user_group\": \"Группа пользователя\"}', 'Дополнительные поля которые храним для каждого пользователя'),
('UserGroups', '{\"all\": \"Все\", \"users\": \"Пользователи бота\", \"administrators\": \"Администраторы бота\", \"users_filled_data\": \"Пользователи заполнившие данные\"}', 'Список возможных групп пользователей, группы all, users, administrators не удалять, обязательны');

-- --------------------------------------------------------

--
-- Структура таблицы `bot_support_answer`
--

CREATE TABLE `bot_support_answer` (
  `id` int(11) NOT NULL,
  `id_question` int(11) NOT NULL,
  `text` text NOT NULL
) ENGINE=InnoDB DEFAULT CHARSET=utf8mb4;

--
-- Дамп данных таблицы `bot_support_answer`
--

INSERT INTO `bot_support_answer` (`id`, `id_question`, `text`) VALUES
(1, 1, '[\"\\u043a\\u0430\\u043a|\\u0433\\u0434\\u0435|\\u043a\\u0443\\u0434\\u0430\",\"\\u043e\\u043f\\u043b\\u0430\\u0442\\u0438\\u0442\\u044c|\\u043e\\u043f\\u043b\\u0430\\u0442\\u0443|\\u043f\\u0440\\u0438\\u043e\\u0431\\u0440\\u0435\\u0441\\u0442\\u0438|\\u043f\\u0435\\u0440\\u0435\\u0432\\u043e\\u0434\\u0438\\u0442\\u044c\"]'),
(2, 2, '[\"\\u0433\\u0434\\u0435|\\u043a\\u0430\\u043a\",\"\\u043a\\u043d\\u0438\\u0433\\u0430|\\u0447\\u0438\\u0442\\u0430\\u0442\\u044c\"]');

-- --------------------------------------------------------

--
-- Структура таблицы `bot_support_question`
--

CREATE TABLE `bot_support_question` (
  `id` int(11) NOT NULL,
  `text` text NOT NULL
) ENGINE=InnoDB DEFAULT CHARSET=utf8mb4;

--
-- Дамп данных таблицы `bot_support_question`
--

INSERT INTO `bot_support_question` (`id`, `text`) VALUES
(1, 'Здравствуйте! Введите команду /start и следуйте инструкциям по оплате.'),
(2, 'Здравствуйте! Книга доступна к чтению полностью сразу после оплаты. Для чтения используйте кнопки “Читать сначала” или “Следующая страница” или команда /next. Кнопки расположены в меню (если меню скрыто, нажмите кнопку справа-снизу, иконка с 4мя точками)\r\n');

-- --------------------------------------------------------

--
-- Структура таблицы `bot_text`
--

CREATE TABLE `bot_text` (
  `id` int(11) NOT NULL,
  `place` varchar(128) NOT NULL,
  `place_number` int(11) NOT NULL,
  `name` varchar(255) NOT NULL,
  `text` json DEFAULT NULL,
  `file_id` json DEFAULT NULL,
  `url` json DEFAULT NULL,
  `method` varchar(128) NOT NULL
) ENGINE=InnoDB DEFAULT CHARSET=utf8mb4;

--
-- Дамп данных таблицы `bot_text`
--

INSERT INTO `bot_text` (`id`, `place`, `place_number`, `name`, `text`, `file_id`, `url`, `method`) VALUES
(1, 'welcome', 1, 'СТАРТ Приветственное сообщение 1', '{\"en\": \"Привет.<br> Поздравляем, ты сделал важный шаг в своей жизни!<br> Ты скоро убедишься в этом сам ☺️\", \"ru\": \"Привет.<br> Поздравляем, ты сделал важный шаг в своей жизни!<br> Ты скоро убедишься в этом сам ☺️\"}', NULL, NULL, 'sendMessage'),
(2, 'welcome', 2, 'СТАРТ Приветственное сообщение 2', '{\"en\": \"У тебя в руках инструмент, который активирует твой внутренний навигатор 🗺️<br>Так будут работать технологии личностного изменения в недалеком будущем 🚀<br>И этот инструмент в твоём телефоне уже сейчас 🎧\", \"ru\": \"У тебя в руках инструмент, который активирует твой внутренний навигатор 🗺️<br>Так будут работать технологии личностного изменения в недалеком будущем 🚀<br>И этот инструмент в твоём телефоне уже сейчас 🎧\"}', NULL, NULL, 'sendMessage'),
(3, 'welcome', 3, 'СТАРТ Приветственное сообщение 3', '{\"en\": \"В аудио-настройках заложены универсальные принципы, которые отражают базовую природу человека. Эти принципы описанны в различных религиозных учениях и открытиях современных учёных.\", \"ru\": \"В аудио-настройках заложены универсальные принципы, которые отражают базовую природу человека. Эти принципы описанны в различных религиозных учениях и открытиях современных учёных.\"}', NULL, NULL, 'sendMessage'),
(4, 'welcome', 4, 'СТАРТ Приветственное сообщение 4', '{\"en\": \"Аудио-настройки работают индивидуально, поскольку опыт и уровень каждого из нас уникален 🆔<br>Они настраивают тебя, как целостную систему, на оптимальную работу.<br>Если готов отправиться в это путешествие жми NEXT ⏭️\", \"ru\": \"Аудио-настройки работают индивидуально, поскольку опыт и уровень каждого из нас уникален 🆔<br>Они настраивают тебя, как целостную систему, на оптимальную работу.<br>Если готов отправиться в это путешествие жми NEXT ⏭️\"}', NULL, NULL, 'sendMessage'),
(5, 'next', 1, 'КНОПКА Next 1', '{\"en\": \"Базовых аудио-настроек всего 6.<br><br>Они направлены на усиление/восстановление твоей внутренней силы.\", \"ru\": \"Базовых аудио-настроек всего 6.<br><br>Они направлены на усиление/восстановление твоей внутренней силы.\"}', NULL, NULL, 'sendMessage'),
(6, 'next', 1, 'КНОПКА Next 2', '{\"en\": \"Аудио-настройки работают с определенными аспектами твоей жизни. <br><br>Теми, которые тебе действительно сейчас важны, а не теми, которые ты можешь считать важными.\", \"ru\": \"Аудио-настройки работают с определенными аспектами твоей жизни. <br><br>Теми, которые тебе действительно сейчас важны, а не теми, которые ты можешь считать важными.\"}', NULL, NULL, 'sendMessage'),
(7, 'next', 1, 'КНОПКА Next 3', '{\"en\": \"Прослушай первую аудио-настройку и прими для себя решение, хочешь ли ты сонастраиваться с собой дальше\", \"ru\": \"Прослушай первую аудио-настройку и прими для себя решение, хочешь ли ты сонастраиваться с собой дальше\"}', NULL, NULL, 'sendMessage'),
(8, 'query_name', 1, 'ВОПРОС Имя', '{\"en\": \"Для получения первой настройки введи пожалуйста свое имя\", \"ru\": \"Для получения первой настройки введи пожалуйста свое имя\"}', NULL, NULL, 'sendMessage'),
(9, 'query_phone', 1, 'ВОПРОС Телефон', '{\"en\": \"Дай пожалуйста доступ к номеру телефона для прослушивания аудио-настройки, нажав на кнопку\", \"ru\": \"Дай пожалуйста доступ к номеру телефона для прослушивания аудио-настройки, нажав на кнопку\"}', NULL, NULL, 'sendMessage'),
(10, 'main_menu', 1, 'Главное меню', '{\"en\": \"Выберите пункт меню. Если у вас есть вопрос, пишите прямо тут, я на них отвечу\", \"ru\": \"Выберите пункт меню. Если у вас есть вопрос, пишите прямо тут, я на них отвечу\"}', NULL, NULL, 'sendMessage'),
(11, 'all_settings', 1, 'КНОПКА Все настройки (каталог)', '{\"en\": \"Выберите категорию\", \"ru\": \"Выберите категорию\"}', NULL, NULL, 'sendMessage'),
(12, 'get_first_setting_main_menu', 1, 'КНОПКА Получить первую настройку 1', '{\"en\": \"Теперь тебе открыто основное МЕНЮ бота.<br><br>❗ВАЖНО ‼<br>Если оно пропадёт, набери /start<br><br><br>Ты можешь задать свой вопрос. Просто напечатай его в боте.<br>Ответ придёт в личное сообщение в течении 24 часов (в зависимости от часового пояса, в котором мы находимся)\", \"ru\": \"Теперь тебе открыто основное МЕНЮ бота.<br><br>❗ВАЖНО ‼<br>Если оно пропадёт, набери /start<br><br><br>Ты можешь задать свой вопрос. Просто напечатай его в боте.<br>Ответ придёт в личное сообщение в течении 24 часов (в зависимости от часового пояса, в котором мы находимся)\"}', NULL, NULL, 'sendMessage'),
(13, 'get_first_setting', 1, 'КНОПКА Получить первую настройку КНОПКА ССЫЛКА', '{\"en\": \"❗️ВАЖНО‼️<br>▪️ Поставь свой телефон на беззвучный режим<br>▪️ Прими удобное положение сидя или лежа<br>▪️ Закрой глаза<br>P.S.: Именно твоя система знает, что тебя сейчас ограничивает или беспокоит.<br>Поэтому важно стать союзником самому себе<br>Настройка работает именно с этой корневой причиной, не на уровне логики, а на уровне твоих состояний. Они могут меняться в ходе прослушивания. Это нормально.<br>Ты даже можешь уснуть, и проснуться с ощущением, что ты что-то пропустил. На самом деле процесс идёт, всё в порядке. Просто слушай настройку дальше.<br>⬆️ Выше описан эффект глубокой со-настройки.<br>❗️Так же ты можешь слушать настройку неограниченное количество раз. Можешь делать это в процессе своих повседневных дел дома, на работе, в дороге.<br>Это будет эффект лёгкой со-настройки со своим ресурсным состоянием.<br>‼️Регулярное прослушивание ресурсных настроек даёт накопительный эффект.<br>▪️ Возрастает стрессоустойчивость, самоценность, адекватное восприятие происходящих в жизни событий.<br>▪️ Происходят необходимые перемены, события, встречи.<br>▪️ Ненужная информация просеивается, оставляя больше места интуитивно верным решениям.<br>Наблюдай. Слушай 🎧 и меняйся с удовольствием 🔝\", \"ru\": \"❗️ВАЖНО‼️<br>▪️ Поставь свой телефон на беззвучный режим<br>▪️ Прими удобное положение сидя или лежа<br>▪️ Закрой глаза<br>P.S.: Именно твоя система знает, что тебя сейчас ограничивает или беспокоит.<br>Поэтому важно стать союзником самому себе<br>Настройка работает именно с этой корневой причиной, не на уровне логики, а на уровне твоих состояний. Они могут меняться в ходе прослушивания. Это нормально.<br>Ты даже можешь уснуть, и проснуться с ощущением, что ты что-то пропустил. На самом деле процесс идёт, всё в порядке. Просто слушай настройку дальше.<br>⬆️ Выше описан эффект глубокой со-настройки.<br>❗️Так же ты можешь слушать настройку неограниченное количество раз. Можешь делать это в процессе своих повседневных дел дома, на работе, в дороге.<br>Это будет эффект лёгкой со-настройки со своим ресурсным состоянием.<br>‼️Регулярное прослушивание ресурсных настроек даёт накопительный эффект.<br>▪️ Возрастает стрессоустойчивость, самоценность, адекватное восприятие происходящих в жизни событий.<br>▪️ Происходят необходимые перемены, события, встречи.<br>▪️ Ненужная информация просеивается, оставляя больше места интуитивно верным решениям.<br>Наблюдай. Слушай 🎧 и меняйся с удовольствием 🔝\"}', NULL, NULL, 'sendMessage'),
(14, 'my_resource_settings', 1, 'КНОПКА Мои ресурсные настройки', '{\"en\": \"Список всех настроек\", \"ru\": \"Список всех настроек\"}', 'null', 'null', 'sendMessage'),
(15, 'payment', 1, 'КНОПКА Оплата', '{\"en\": \"Пошагово или все 6 сразу. Разраничение по количеству доступных файлов и времени доступа к ним. Плюс при оплате всех 6 сразу - доступ в бот платной подписки (настройка на месяц).\", \"ru\": \"Пошагово или все 6 сразу. Разраничение по количеству доступных файлов и времени доступа к ним. Плюс при оплате всех 6 сразу - доступ в бот платной подписки (настройка на месяц).\"}', NULL, NULL, 'sendMessage'),
(16, 'method_description', 1, 'КНОПКА Описание метода', '{\"en\": \"Краткое научное описание метода со ссылкой на научные статьи, видео и т.д.\", \"ru\": \"Краткое научное описание метода со ссылкой на научные статьи, видео и т.д.\"}', NULL, NULL, 'sendMessage'),
(17, 'setting_month', 1, 'КНОПКА Настройка на месяц', '{\"en\": \"описание что это, что даёт и почему в форме платной подписке\", \"ru\": \"описание что это, что даёт и почему в форме платной подписке\"}', NULL, NULL, 'sendMessage'),
(18, 'ask_question', 1, 'КНОПКА Задать вопрос', '{\"en\": \"Введите пожалуйста свой вопрос, я его обязательно передам и вы получите ответ\", \"ru\": \"Введите пожалуйста свой вопрос, я его обязательно передам и вы получите ответ\"}', NULL, NULL, 'sendMessage'),
(19, 'product', 1, 'ПРОДУКТ', '{\"en\": \"Название: {name}<br>Описание: {description}<br>Цена: {price}<br>Скидка: {discont}\", \"ru\": \"Название: {name}<br>Описание: {description}<br>Цена: {price}<br>Скидка: {discont}\"}', NULL, NULL, 'sendMessage'),
(20, 'my_settings', 1, 'КНОПКА Мои настройки', '{\"en\": \"Выберите настройку для прослушивания\", \"ru\": \"Выберите настройку для прослушивания\"}', NULL, NULL, 'sendMessage'),
(21, 'error_product', 1, 'Продукт не найден на странице оплаты', '{\"en\": \"<h2>Внимание! Продукт не найден, попробуйте еще раз или обратиться в администрацию</h2>\", \"ru\": \"<h2>Внимание! Продукт не найден, попробуйте еще раз или обратиться в администрацию</h2>\"}', NULL, NULL, 'sendMessage'),
(22, 'payment_product', 1, 'Получена оплата за продукт, сообщение пользователю', '{\"en\": \"Оплата за {name} получена, вы сможете найти его и прослушать в разделе \'Мои настройки\'.\", \"ru\": \"Оплата за {name} получена, вы сможете найти его и прослушать в разделе \'Мои настройки\'.\"}', NULL, NULL, 'sendMessage'),
(23, 'new_settings', 1, 'КНОПКА Новинки', '{\"en\": \"Выберите настройку:\", \"ru\": \"Выберите настройку:\"}', NULL, NULL, 'sendMessage'),
(24, 'change_lang', 1, 'ВЫБОР Языка', '{\"all\": \"Выберите язык:\"}', NULL, NULL, 'sendMessage'),
(25, 'test', 123, '123', '{\"en\": \"123\", \"ru\": \"123\"}', '{\"en\": null, \"ru\": null}', '{\"en\": null, \"ru\": null}', 'sendPhoto');

-- --------------------------------------------------------

--
-- Структура таблицы `bot_text_error`
--

CREATE TABLE `bot_text_error` (
  `id` int(11) NOT NULL,
  `place` varchar(128) NOT NULL,
  `place_number` int(11) NOT NULL,
  `name` varchar(255) NOT NULL,
  `text` json DEFAULT NULL,
  `file_id` json DEFAULT NULL,
  `url` json DEFAULT NULL,
  `method` varchar(128) NOT NULL
) ENGINE=InnoDB DEFAULT CHARSET=utf8mb4;

--
-- Дамп данных таблицы `bot_text_error`
--

INSERT INTO `bot_text_error` (`id`, `place`, `place_number`, `name`, `text`, `file_id`, `url`, `method`) VALUES
(1, 'technical_break', 1, 'Технический перерыв', '{\"en\": \"<b>Technical break</b><br><br>We apologize, the bot will continue its work in the near future.<br><br>The break will last from 1 to 24 hours.\", \"ru\": \"<b>Технический перерыв</b><br><br>Приносим свои извинения, в ближайшее время бот продолжит свою работу.<br><br>Перерыв будет длиться от 1 до 24 часов.\"}', NULL, NULL, 'sendMessage'),
(2, 'error_onlyinline', 1, 'Не нажата кнопка', '{\"en\": \"Нажмите пожалуйста кнопку\", \"ru\": \"Нажмите пожалуйста кнопку\"}', NULL, NULL, 'sendMessage');

-- --------------------------------------------------------

--
-- Структура таблицы `bot_users`
--

CREATE TABLE `bot_users` (
  `chat_id` int(20) NOT NULL,
  `nickname` varchar(128) DEFAULT NULL,
  `firstname` varchar(128) DEFAULT NULL,
  `lastname` varchar(128) DEFAULT NULL,
  `language_code` varchar(8) DEFAULT NULL,
  `fields` json NOT NULL,
  `utm` varchar(256) DEFAULT NULL,
  `access` char(1) NOT NULL,
  `timestamp` int(11) NOT NULL,
  `timestamp_updated` int(11) NOT NULL
) ENGINE=InnoDB DEFAULT CHARSET=utf8mb4;

--
-- Дамп данных таблицы `bot_users`
--

INSERT INTO `bot_users` (`chat_id`, `nickname`, `firstname`, `lastname`, `language_code`, `fields`, `utm`, `access`, `timestamp`, `timestamp_updated`) VALUES
(111, 'Xynobo', 'Dmitry', 'Zhuchkov', 'ru', '{\"name\": \"asdfafa\", \"email\": \"\", \"phone\": \"\", \"payment\": \"\", \"language\": \"\", \"user_group\": \"111\"}', '', '0', 1610418746, 1612639758),
(362966653, 'Xynobo', 'Dmitry', 'Zhuchkov', 'ru', '{\"name\": \"asdfafa\", \"email\": \"\", \"phone\": \"\", \"payment\": \"\", \"language\": \"\", \"user_group\": \"111\"}', '', '1', 1610418746, 1612831585),
(391696787, 'YUSTAKS', 'Юрий', 'Рычков', 'ru', '{\"name\": \"\", \"email\": \"\", \"phone\": \"\", \"payment\": \"\", \"language\": \"ru\", \"user_group\": \"users\"}', '', '1', 1612806106, 1612806137);

-- --------------------------------------------------------

--
-- Структура таблицы `bot_users_orders`
--

CREATE TABLE `bot_users_orders` (
  `id` int(11) NOT NULL,
  `chat_id` int(20) NOT NULL,
  `number` varchar(256) DEFAULT NULL,
  `order_id` varchar(64) DEFAULT NULL,
  `status` varchar(128) NOT NULL,
  `order_status` varchar(128) DEFAULT NULL,
  `created_at` varchar(64) DEFAULT NULL,
  `updated_at` varchar(64) DEFAULT NULL,
  `documents_zip` varchar(512) DEFAULT NULL,
  `documents_pdf` varchar(512) DEFAULT NULL,
  `documents_html` varchar(512) DEFAULT NULL,
  `file_id` text,
  `timestamp` int(11) NOT NULL,
  `timestamp_update` int(11) NOT NULL
) ENGINE=InnoDB DEFAULT CHARSET=utf8mb4;

--
-- Дамп данных таблицы `bot_users_orders`
--

INSERT INTO `bot_users_orders` (`id`, `chat_id`, `number`, `order_id`, `status`, `order_status`, `created_at`, `updated_at`, `documents_zip`, `documents_pdf`, `documents_html`, `file_id`, `timestamp`, `timestamp_update`) VALUES
(1, 362966653, '50:10:0010202:700', '2115', 'Отправлен', 'SUCCESS', NULL, NULL, NULL, NULL, NULL, NULL, 1612232357, 1612232357),
(2, 362966653, '50:10:0010202:700', '2115', 'Отправлен', 'SUCCESS', NULL, NULL, NULL, NULL, NULL, NULL, 1612232390, 1612232390),
(3, 362966653, '50:10:0010202:700', '2116', 'Ошибка', 'SU1CCESS', NULL, NULL, NULL, NULL, NULL, NULL, 1612232624, 1612232624),
(4, 362966653, '50:10:0010202:700', '286338', 'Отправлен', 'SUCCESS', NULL, NULL, NULL, NULL, NULL, NULL, 1612232715, 1612232715),
(5, 362966653, '50:10:0010202:700', '286339', 'Отправлен', 'SUCCESS', NULL, NULL, NULL, NULL, NULL, NULL, 1612232957, 1612232957),
(6, 362966653, '50:10:0010202:700', '286340', 'Выполнен', 'ORDER_COMPLETED', '02.02.2021 05:31:20', '02.02.2021 05:31:20', '', '', '', '', 1612233080, 1612502063),
(7, 212376290, '77:04:0003008:12728', '286523', 'Выполнен', 'ORDER_COMPLETED', '02.02.2021 14:19:29', '03.02.2021 12:33:46', 'https://aspion.ru/api/v1/documents/480788.zip?api_token=gZhvO8rHMhXcPbcKdxdjhCVzPRjk8qHuIG2w23OQCcVsm2SHbnQwdIymXv3H', 'https://aspion.ru/api/v1/documents/480788.pdf?api_token=gZhvO8rHMhXcPbcKdxdjhCVzPRjk8qHuIG2w23OQCcVsm2SHbnQwdIymXv3H', 'https://aspion.ru/api/v1/documents/480788.html?api_token=gZhvO8rHMhXcPbcKdxdjhCVzPRjk8qHuIG2w23OQCcVsm2SHbnQwdIymXv3H', 'BQACAgIAAxkDAAIJgmAc3LRdRypZoJxnx3r1KH6lqw3qAAJ8CwACTZ3pSIx28GzcmMRhHgQ', 1612264769, 1612504245),
(8, 212376290, '77:01:0006035:3938', '286870', 'Выполнен', 'ORDER_COMPLETED', '', '', '', '', '', '', 1612339407, 1612504116),
(9, 212376290, '69:42:0071547:183', '287101', 'Выполнен', 'ORDER_COMPLETED', '03.02.2021 21:10:47', '03.02.2021 21:17:25', 'https://aspion.ru/api/v1/documents/481719.zip?api_token=gZhvO8rHMhXcPbcKdxdjhCVzPRjk8qHuIG2w23OQCcVsm2SHbnQwdIymXv3H', 'https://aspion.ru/api/v1/documents/481719.pdf?api_token=gZhvO8rHMhXcPbcKdxdjhCVzPRjk8qHuIG2w23OQCcVsm2SHbnQwdIymXv3H', 'https://aspion.ru/api/v1/documents/481719.html?api_token=gZhvO8rHMhXcPbcKdxdjhCVzPRjk8qHuIG2w23OQCcVsm2SHbnQwdIymXv3H', 'BQACAgIAAxkDAAIJdmAc07p1hgryTk0oKNTcbt0UcNH2AAJlCwACTZ3pSK1QBTrcOTNAHgQ', 1612375847, 1612501946),
(10, 212376290, '69:42:0071547:183', '287537', 'Отправлен', 'SUCCESS', NULL, NULL, NULL, NULL, NULL, NULL, 1612506814, 1612506814),
(11, 212376290, '77:04:0002011:6275', '287691', 'Отправлен', 'SUCCESS', NULL, NULL, NULL, NULL, NULL, NULL, 1612527101, 1612527101);

-- --------------------------------------------------------

--
-- Структура таблицы `bot_users_payment`
--

CREATE TABLE `bot_users_payment` (
  `id` int(11) NOT NULL,
  `chat_id` int(20) NOT NULL,
  `amount` varchar(64) NOT NULL,
  `credits` varchar(32) DEFAULT NULL,
  `payment_method` varchar(128) NOT NULL,
  `webhook` json NOT NULL,
  `timestamp` int(11) NOT NULL
) ENGINE=InnoDB DEFAULT CHARSET=utf8mb4;

--
-- Дамп данных таблицы `bot_users_payment`
--

INSERT INTO `bot_users_payment` (`id`, `chat_id`, `amount`, `credits`, `payment_method`, `webhook`, `timestamp`) VALUES
(5, 362966653, '350', '1', 'Paymaster', '{\"credits\": \"1\", \"LMI_HASH\": \"PRIFBSoMEEdEnCRebMtR6g==\", \"LMI_CURRENCY\": \"RUB\", \"LMI_SIM_MODE\": \"0\", \"LMI_PAYMENT_NO\": \"362966653_1612137866\", \"LMI_MERCHANT_ID\": \"d7f227f3-5f65-43e3-9e7a-ce49c22c85b5\", \"LMI_PAID_AMOUNT\": \"350.00\", \"LMI_PAYMENT_DESC\": \"Покупка запросов для онлайн проверки недвижимости\", \"LMI_PAID_CURRENCY\": \"RUB\", \"LMI_PAYMENT_AMOUNT\": \"350.00\", \"LMI_PAYMENT_METHOD\": \"Test\", \"LMI_PAYMENT_SYSTEM\": \"503\", \"LMI_SYS_PAYMENT_ID\": \"282523028\", \"LMI_PAYER_IDENTIFIER\": \"410000XXXXXX0010\", \"LMI_PAYER_IP_ADDRESS\": \"188.255.28.51\", \"LMI_SYS_PAYMENT_DATE\": \"2021-02-01T00:04:35\"}', 1612137876),
(6, 362966653, '350', '1', 'Paymaster', '{\"credits\": \"1\", \"LMI_HASH\": \"Sbj6B3lKqtCFXaMdY7LFrA==\", \"LMI_CURRENCY\": \"RUB\", \"LMI_SIM_MODE\": \"0\", \"LMI_PAYMENT_NO\": \"362966653_1612141744\", \"LMI_MERCHANT_ID\": \"d7f227f3-5f65-43e3-9e7a-ce49c22c85b5\", \"LMI_PAID_AMOUNT\": \"350.00\", \"LMI_PAYMENT_DESC\": \"Покупка запросов для онлайн проверки недвижимости\", \"LMI_PAID_CURRENCY\": \"RUB\", \"LMI_PAYMENT_AMOUNT\": \"350.00\", \"LMI_PAYMENT_METHOD\": \"Test\", \"LMI_PAYMENT_SYSTEM\": \"503\", \"LMI_SYS_PAYMENT_ID\": \"282530389\", \"LMI_PAYER_IDENTIFIER\": \"410000XXXXXX0010\", \"LMI_PAYER_IP_ADDRESS\": \"188.255.28.51\", \"LMI_SYS_PAYMENT_DATE\": \"2021-02-01T01:09:22\"}', 1612141763),
(7, 362966653, '350', '1', 'Paymaster', '{\"credits\": \"1\", \"LMI_HASH\": \"tsv6+18GbILMYdZm02NOUA==\", \"LMI_CURRENCY\": \"RUB\", \"LMI_SIM_MODE\": \"0\", \"LMI_PAYMENT_NO\": \"362966653_1612141886\", \"LMI_MERCHANT_ID\": \"d7f227f3-5f65-43e3-9e7a-ce49c22c85b5\", \"LMI_PAID_AMOUNT\": \"350.00\", \"LMI_PAYMENT_DESC\": \"Покупка запросов для онлайн проверки недвижимости\", \"LMI_PAID_CURRENCY\": \"RUB\", \"LMI_PAYMENT_AMOUNT\": \"350.00\", \"LMI_PAYMENT_METHOD\": \"Test\", \"LMI_PAYMENT_SYSTEM\": \"503\", \"LMI_SYS_PAYMENT_ID\": \"282530562\", \"LMI_PAYER_IDENTIFIER\": \"410000XXXXXX0010\", \"LMI_PAYER_IP_ADDRESS\": \"188.255.28.51\", \"LMI_SYS_PAYMENT_DATE\": \"2021-02-01T01:11:41\"}', 1612141902),
(8, 362966653, '350', '1', 'Paymaster', '{\"credits\": \"1\", \"LMI_HASH\": \"2m4xj35Qc5JaJjqrqvOYuw==\", \"LMI_CURRENCY\": \"RUB\", \"LMI_SIM_MODE\": \"0\", \"LMI_PAYMENT_NO\": \"362966653_1612141946\", \"LMI_MERCHANT_ID\": \"d7f227f3-5f65-43e3-9e7a-ce49c22c85b5\", \"LMI_PAID_AMOUNT\": \"350.00\", \"LMI_PAYMENT_DESC\": \"Покупка запросов для онлайн проверки недвижимости\", \"LMI_PAID_CURRENCY\": \"RUB\", \"LMI_PAYMENT_AMOUNT\": \"350.00\", \"LMI_PAYMENT_METHOD\": \"Test\", \"LMI_PAYMENT_SYSTEM\": \"503\", \"LMI_SYS_PAYMENT_ID\": \"282530625\", \"LMI_PAYER_IDENTIFIER\": \"410000XXXXXX0010\", \"LMI_PAYER_IP_ADDRESS\": \"188.255.28.51\", \"LMI_SYS_PAYMENT_DATE\": \"2021-02-01T01:12:39\"}', 1612141959),
(9, 212376290, '350', '1', 'Paymaster', '{\"credits\": \"1\", \"LMI_HASH\": \"1eSKrrtGy5ksC62OXIKjow==\", \"LMI_CURRENCY\": \"RUB\", \"LMI_SIM_MODE\": \"0\", \"LMI_PAYMENT_NO\": \"212376290_1612174215\", \"LMI_MERCHANT_ID\": \"d7f227f3-5f65-43e3-9e7a-ce49c22c85b5\", \"LMI_PAID_AMOUNT\": \"350.00\", \"LMI_PAYMENT_DESC\": \"Покупка запросов для онлайн проверки недвижимости\", \"LMI_PAID_CURRENCY\": \"RUB\", \"LMI_PAYMENT_AMOUNT\": \"350.00\", \"LMI_PAYMENT_METHOD\": \"Test\", \"LMI_PAYMENT_SYSTEM\": \"503\", \"LMI_SYS_PAYMENT_ID\": \"282600090\", \"LMI_PAYER_IDENTIFIER\": \"410000XXXXXX0000\", \"LMI_PAYER_IP_ADDRESS\": \"37.204.225.232\", \"LMI_SYS_PAYMENT_DATE\": \"2021-02-01T10:12:04\"}', 1612174325),
(10, 362966653, '350', '1', 'Paymaster', '{\"credits\": \"1\", \"LMI_HASH\": \"xvTcfI/mH87cjPgSPAsbxg==\", \"LMI_CURRENCY\": \"RUB\", \"LMI_SIM_MODE\": \"0\", \"LMI_PAYMENT_NO\": \"362966653_1612232935\", \"LMI_MERCHANT_ID\": \"d7f227f3-5f65-43e3-9e7a-ce49c22c85b5\", \"LMI_PAID_AMOUNT\": \"350.00\", \"LMI_PAYMENT_DESC\": \"Покупка запросов для онлайн проверки недвижимости\", \"LMI_PAID_CURRENCY\": \"RUB\", \"LMI_PAYMENT_AMOUNT\": \"350.00\", \"LMI_PAYMENT_METHOD\": \"Test\", \"LMI_PAYMENT_SYSTEM\": \"503\", \"LMI_SYS_PAYMENT_ID\": \"282751450\", \"LMI_PAYER_IDENTIFIER\": \"410000XXXXXX0010\", \"LMI_PAYER_IP_ADDRESS\": \"188.255.28.51\", \"LMI_SYS_PAYMENT_DATE\": \"2021-02-02T02:29:05\"}', 1612232946),
(11, 362966653, '350', '1', 'Paymaster', '{\"credits\": \"1\", \"LMI_HASH\": \"Snf5W6IrfabFRMY5KooN0w==\", \"LMI_CURRENCY\": \"RUB\", \"LMI_SIM_MODE\": \"0\", \"LMI_PAYMENT_NO\": \"362966653_1612233022\", \"LMI_MERCHANT_ID\": \"d7f227f3-5f65-43e3-9e7a-ce49c22c85b5\", \"LMI_PAID_AMOUNT\": \"350.00\", \"LMI_PAYMENT_DESC\": \"Покупка запросов для онлайн проверки недвижимости\", \"LMI_PAID_CURRENCY\": \"RUB\", \"LMI_PAYMENT_AMOUNT\": \"350.00\", \"LMI_PAYMENT_METHOD\": \"Test\", \"LMI_PAYMENT_SYSTEM\": \"503\", \"LMI_SYS_PAYMENT_ID\": \"282751536\", \"LMI_PAYER_IDENTIFIER\": \"410000XXXXXX0010\", \"LMI_PAYER_IP_ADDRESS\": \"188.255.28.51\", \"LMI_SYS_PAYMENT_DATE\": \"2021-02-02T02:30:45\"}', 1612233045),
(12, 212376290, '350', '1', 'Paymaster', '{\"credits\": \"1\", \"LMI_HASH\": \"nSrK7fdh2iSU9hF2mhwacA==\", \"LMI_CURRENCY\": \"RUB\", \"LMI_SIM_MODE\": \"0\", \"LMI_PAYMENT_NO\": \"212376290_1612339368\", \"LMI_MERCHANT_ID\": \"d7f227f3-5f65-43e3-9e7a-ce49c22c85b5\", \"LMI_PAID_AMOUNT\": \"350.00\", \"LMI_PAYMENT_DESC\": \"Покупка запросов для онлайн проверки недвижимости\", \"LMI_PAID_CURRENCY\": \"RUB\", \"LMI_PAYMENT_AMOUNT\": \"350.00\", \"LMI_PAYMENT_METHOD\": \"Test\", \"LMI_PAYMENT_SYSTEM\": \"503\", \"LMI_SYS_PAYMENT_ID\": \"282992254\", \"LMI_PAYER_IDENTIFIER\": \"410000XXXXXX0000\", \"LMI_PAYER_IP_ADDRESS\": \"37.204.225.232\", \"LMI_SYS_PAYMENT_DATE\": \"2021-02-03T08:03:13\"}', 1612339394),
(13, 212376290, '350', '1', 'Paymaster', '{\"credits\": \"1\", \"LMI_HASH\": \"/OnCCeLxdbb4kQ7RPA6PEA==\", \"LMI_CURRENCY\": \"RUB\", \"LMI_SIM_MODE\": \"0\", \"LMI_PAYMENT_NO\": \"212376290_1612375812\", \"LMI_MERCHANT_ID\": \"d7f227f3-5f65-43e3-9e7a-ce49c22c85b5\", \"LMI_PAID_AMOUNT\": \"350.00\", \"LMI_PAYMENT_DESC\": \"Покупка запросов для онлайн проверки недвижимости\", \"LMI_PAID_CURRENCY\": \"RUB\", \"LMI_PAYMENT_AMOUNT\": \"350.00\", \"LMI_PAYMENT_METHOD\": \"Test\", \"LMI_PAYMENT_SYSTEM\": \"503\", \"LMI_SYS_PAYMENT_ID\": \"283099931\", \"LMI_PAYER_IDENTIFIER\": \"410000XXXXXX0000\", \"LMI_PAYER_IP_ADDRESS\": \"37.204.225.232\", \"LMI_SYS_PAYMENT_DATE\": \"2021-02-03T18:10:33\"}', 1612375834),
(14, 212376290, '350', '1', 'Paymaster', '{\"credits\": \"1\", \"LMI_HASH\": \"wKgthEf5wWQPdGU+JHUvGw==\", \"LMI_CURRENCY\": \"RUB\", \"LMI_SIM_MODE\": \"0\", \"LMI_PAYMENT_NO\": \"212376290_1612506762\", \"LMI_MERCHANT_ID\": \"d7f227f3-5f65-43e3-9e7a-ce49c22c85b5\", \"LMI_PAID_AMOUNT\": \"350.00\", \"LMI_PAYMENT_DESC\": \"Покупка запросов для онлайн проверки недвижимости\", \"LMI_PAID_CURRENCY\": \"RUB\", \"LMI_PAYMENT_AMOUNT\": \"350.00\", \"LMI_PAYMENT_METHOD\": \"Test\", \"LMI_PAYMENT_SYSTEM\": \"503\", \"LMI_SYS_PAYMENT_ID\": \"283371597\", \"LMI_PAYER_IDENTIFIER\": \"410000XXXXXX0000\", \"LMI_PAYER_IP_ADDRESS\": \"37.204.225.232\", \"LMI_SYS_PAYMENT_DATE\": \"2021-02-05T06:33:02\"}', 1612506782),
(15, 212376290, '350', '1', 'Paymaster', '{\"credits\": \"1\", \"LMI_HASH\": \"QcqCZjcotbKVvoYvo2bZog==\", \"LMI_CURRENCY\": \"RUB\", \"LMI_SIM_MODE\": \"0\", \"LMI_PAYMENT_NO\": \"212376290_1612527066\", \"LMI_MERCHANT_ID\": \"d7f227f3-5f65-43e3-9e7a-ce49c22c85b5\", \"LMI_PAID_AMOUNT\": \"350.00\", \"LMI_PAYMENT_DESC\": \"Покупка запросов для онлайн проверки недвижимости\", \"LMI_PAID_CURRENCY\": \"RUB\", \"LMI_PAYMENT_AMOUNT\": \"350.00\", \"LMI_PAYMENT_METHOD\": \"Test\", \"LMI_PAYMENT_SYSTEM\": \"503\", \"LMI_SYS_PAYMENT_ID\": \"283433449\", \"LMI_PAYER_IDENTIFIER\": \"410000XXXXXX0000\", \"LMI_PAYER_IP_ADDRESS\": \"31.173.86.100\", \"LMI_SYS_PAYMENT_DATE\": \"2021-02-05T12:11:27\"}', 1612527088);

-- --------------------------------------------------------

--
-- Структура таблицы `bot_users_place`
--

CREATE TABLE `bot_users_place` (
  `chat_id` int(20) NOT NULL,
  `places` longtext NOT NULL
) ENGINE=InnoDB DEFAULT CHARSET=utf8mb4;

--
-- Дамп данных таблицы `bot_users_place`
--

INSERT INTO `bot_users_place` (`chat_id`, `places`) VALUES
(111, '{\"362966653\":{\"chat_type\":\"private\",\"timestamp\":1610418746,\"timestamp_updated\":1612639758}}'),
(362966653, '{\"362966653\":{\"chat_type\":\"private\",\"timestamp\":1610418746,\"timestamp_updated\":1612831588}}'),
(391696787, '{\"391696787\":{\"chat_type\":\"private\",\"timestamp\":1612806106,\"timestamp_updated\":1612806137}}');

--
-- Индексы сохранённых таблиц
--

--
-- Индексы таблицы `bor_catalog_product`
--
ALTER TABLE `bor_catalog_product`
  ADD PRIMARY KEY (`id`);

--
-- Индексы таблицы `bot_catalog_category`
--
ALTER TABLE `bot_catalog_category`
  ADD PRIMARY KEY (`id`);

--
-- Индексы таблицы `bot_keyboard`
--
ALTER TABLE `bot_keyboard`
  ADD PRIMARY KEY (`id`);

--
-- Индексы таблицы `bot_link`
--
ALTER TABLE `bot_link`
  ADD PRIMARY KEY (`id`);

--
-- Индексы таблицы `bot_map`
--
ALTER TABLE `bot_map`
  ADD PRIMARY KEY (`id`);

--
-- Индексы таблицы `bot_news`
--
ALTER TABLE `bot_news`
  ADD PRIMARY KEY (`id`);

--
-- Индексы таблицы `bot_product_up_price`
--
ALTER TABLE `bot_product_up_price`
  ADD PRIMARY KEY (`id`);

--
-- Индексы таблицы `bot_product_up_setting`
--
ALTER TABLE `bot_product_up_setting`
  ADD PRIMARY KEY (`id`);

--
-- Индексы таблицы `bot_session`
--
ALTER TABLE `bot_session`
  ADD UNIQUE KEY `chat_id` (`chat_id`),
  ADD KEY `chat_id_2` (`chat_id`);

--
-- Индексы таблицы `bot_settings`
--
ALTER TABLE `bot_settings`
  ADD UNIQUE KEY `name` (`name`);

--
-- Индексы таблицы `bot_settings_main`
--
ALTER TABLE `bot_settings_main`
  ADD UNIQUE KEY `name` (`name`);

--
-- Индексы таблицы `bot_support_answer`
--
ALTER TABLE `bot_support_answer`
  ADD PRIMARY KEY (`id`);

--
-- Индексы таблицы `bot_support_question`
--
ALTER TABLE `bot_support_question`
  ADD PRIMARY KEY (`id`);

--
-- Индексы таблицы `bot_text`
--
ALTER TABLE `bot_text`
  ADD PRIMARY KEY (`id`);

--
-- Индексы таблицы `bot_text_error`
--
ALTER TABLE `bot_text_error`
  ADD PRIMARY KEY (`id`);

--
-- Индексы таблицы `bot_users`
--
ALTER TABLE `bot_users`
  ADD UNIQUE KEY `chat_id` (`chat_id`);

--
-- Индексы таблицы `bot_users_orders`
--
ALTER TABLE `bot_users_orders`
  ADD PRIMARY KEY (`id`);

--
-- Индексы таблицы `bot_users_payment`
--
ALTER TABLE `bot_users_payment`
  ADD PRIMARY KEY (`id`);

--
-- Индексы таблицы `bot_users_place`
--
ALTER TABLE `bot_users_place`
  ADD UNIQUE KEY `chat_id` (`chat_id`),
  ADD KEY `chat_id_2` (`chat_id`);

--
-- AUTO_INCREMENT для сохранённых таблиц
--

--
-- AUTO_INCREMENT для таблицы `bor_catalog_product`
--
ALTER TABLE `bor_catalog_product`
  MODIFY `id` int(11) NOT NULL AUTO_INCREMENT, AUTO_INCREMENT=9;
--
-- AUTO_INCREMENT для таблицы `bot_catalog_category`
--
ALTER TABLE `bot_catalog_category`
  MODIFY `id` int(11) NOT NULL AUTO_INCREMENT, AUTO_INCREMENT=12;
--
-- AUTO_INCREMENT для таблицы `bot_keyboard`
--
ALTER TABLE `bot_keyboard`
  MODIFY `id` int(11) NOT NULL AUTO_INCREMENT, AUTO_INCREMENT=17;
--
-- AUTO_INCREMENT для таблицы `bot_link`
--
ALTER TABLE `bot_link`
  MODIFY `id` int(11) NOT NULL AUTO_INCREMENT, AUTO_INCREMENT=3;
--
-- AUTO_INCREMENT для таблицы `bot_map`
--
ALTER TABLE `bot_map`
  MODIFY `id` int(11) NOT NULL AUTO_INCREMENT, AUTO_INCREMENT=19;
--
-- AUTO_INCREMENT для таблицы `bot_news`
--
ALTER TABLE `bot_news`
  MODIFY `id` int(11) NOT NULL AUTO_INCREMENT, AUTO_INCREMENT=4;
--
-- AUTO_INCREMENT для таблицы `bot_product_up_price`
--
ALTER TABLE `bot_product_up_price`
  MODIFY `id` int(11) NOT NULL AUTO_INCREMENT;
--
-- AUTO_INCREMENT для таблицы `bot_product_up_setting`
--
ALTER TABLE `bot_product_up_setting`
  MODIFY `id` int(11) NOT NULL AUTO_INCREMENT;
--
-- AUTO_INCREMENT для таблицы `bot_support_answer`
--
ALTER TABLE `bot_support_answer`
  MODIFY `id` int(11) NOT NULL AUTO_INCREMENT, AUTO_INCREMENT=3;
--
-- AUTO_INCREMENT для таблицы `bot_support_question`
--
ALTER TABLE `bot_support_question`
  MODIFY `id` int(11) NOT NULL AUTO_INCREMENT, AUTO_INCREMENT=3;
--
-- AUTO_INCREMENT для таблицы `bot_text`
--
ALTER TABLE `bot_text`
  MODIFY `id` int(11) NOT NULL AUTO_INCREMENT, AUTO_INCREMENT=26;
--
-- AUTO_INCREMENT для таблицы `bot_text_error`
--
ALTER TABLE `bot_text_error`
  MODIFY `id` int(11) NOT NULL AUTO_INCREMENT, AUTO_INCREMENT=3;
--
-- AUTO_INCREMENT для таблицы `bot_users_orders`
--
ALTER TABLE `bot_users_orders`
  MODIFY `id` int(11) NOT NULL AUTO_INCREMENT, AUTO_INCREMENT=12;
--
-- AUTO_INCREMENT для таблицы `bot_users_payment`
--
ALTER TABLE `bot_users_payment`
  MODIFY `id` int(11) NOT NULL AUTO_INCREMENT, AUTO_INCREMENT=16;
/*!40101 SET CHARACTER_SET_CLIENT=@OLD_CHARACTER_SET_CLIENT */;
/*!40101 SET CHARACTER_SET_RESULTS=@OLD_CHARACTER_SET_RESULTS */;
/*!40101 SET COLLATION_CONNECTION=@OLD_COLLATION_CONNECTION */;
